{"id":7612,"date":"2017-03-21T18:37:55","date_gmt":"2017-03-21T09:37:55","guid":{"rendered":"http:\/\/www.kyotographie.jp\/en\/event\/talk-munoz-and-cheval"},"modified":"2017-04-15T01:44:24","modified_gmt":"2017-04-14T16:44:24","slug":"talk-munoz-and-cheval","status":"publish","type":"tribe_events","link":"https:\/\/2015.kyotographie.jp\/en\/event\/talk-munoz-and-cheval","title":{"rendered":"In Conversation with Isabel Mu\u00f1oz and Fran\u00e7ois Cheval"},"content":{"rendered":"<div class=\"push\" style='height:30px'><\/div>\n<div class=\"row \"><div class=\"wpv-grid grid-1-1  wpv-first-level first unextended\" style=\"padding-top:0px;padding-bottom:0px\" id=\"wpv-column-b1318809c86c14e7a6650cc130daf109\" ><p>Please join artist Isabel Mu\u00f1oz and curator Fran\u00e7ois Cheval for a discussion on her unique perspective of the world, the evolution of Isabel&#8217;s interest and how she selects her subjects.<br \/>\n<div class=\"push\" style='height:30px'><\/div>\n<div class=\"row \"><div class=\"wpv-grid grid-1-1  first unextended\" style=\"padding-top:0px;padding-bottom:0px\" id=\"wpv-column-32119fb622cc3fdd179b3160670cc019\" ><div class=\"row \"><div class=\"wpv-grid grid-2-5  first unextended\" style=\"padding-top:0px;padding-bottom:0px\" id=\"wpv-column-5ac0c16138198d3de20c0a39a522ce4d\" ><div id=\"attachment_6329\" style=\"width: 401px\" class=\"wp-caption alignnone\"><img aria-describedby=\"caption-attachment-6329\" loading=\"lazy\" src=\"http:\/\/2015.kyotographie.jp\/wp-content\/uploads\/2017\/02\/PR_FRANCOIS-09WNB_CHEVF_web-Copyright-Alban-Chassagne-66_1.jpg\" alt=\"\" width=\"391\" height=\"500\" class=\"size-full wp-image-6329\" srcset=\"https:\/\/2015.kyotographie.jp\/wp-content\/uploads\/2017\/02\/PR_FRANCOIS-09WNB_CHEVF_web-Copyright-Alban-Chassagne-66_1.jpg 391w, https:\/\/2015.kyotographie.jp\/wp-content\/uploads\/2017\/02\/PR_FRANCOIS-09WNB_CHEVF_web-Copyright-Alban-Chassagne-66_1-235x300.jpg 235w, https:\/\/2015.kyotographie.jp\/wp-content\/uploads\/2017\/02\/PR_FRANCOIS-09WNB_CHEVF_web-Copyright-Alban-Chassagne-66_1-360x460.jpg 360w, https:\/\/2015.kyotographie.jp\/wp-content\/uploads\/2017\/02\/PR_FRANCOIS-09WNB_CHEVF_web-Copyright-Alban-Chassagne-66_1-262x335.jpg 262w\" sizes=\"(max-width: 391px) 100vw, 391px\" \/><p id=\"caption-attachment-6329\" class=\"wp-caption-text\">\u00a9 Alban Chassagne<\/p><\/div><br \/><\/div>\n<div class=\"wpv-grid grid-3-5  unextended\" style=\"padding-top:0px;padding-bottom:0px\" id=\"wpv-column-bc5df8d695bd6d671fe8fbd7123107ed\" ><h5>Fran\u00e7ois Cheval<\/h5>\n<p>Former Director of Mus\u00e9e Nic\u00e9phore Ni\u00e9pce, France. Fran\u00e7ois Cheval was born in 1954 and has a background in history and ethnology. He has served as a museum curator since 1982, initially in the Jura and the R\u00e9union before being named director of the muse Nic\u00e9phore Ni\u00e9pce in Chalon-sur-Sa\u00f4ne in 1996. Cheval strives to rid photography of its old presumptions and to resent photographic originality through new forms of museology and revitalized discourse. Most significantly, he has both curated noteworthy retrospectives of photographers such as Denis Roche, John Batho, G\u00e9rard Collin-Thi\u00e9baut, Peter Knapp, Mac Adams, and Raoul Coutard, and has been a resolute champion of emerging photographers such as Elina Brotherus, JH Engstr\u00f6m, Claire Chevrier, Antoine d\u2019Agata, Charles Fr\u00e9ger, and Rapha\u00ebl Dallaporta.<\/div><\/div><\/div><\/div><\/div><\/div>\n<div class=\"push\" style='height:30px'><\/div>\n<div class=\"row \"><div class=\"wpv-grid grid-1-1  wpv-first-level first unextended\" style=\"padding-top:0px;padding-bottom:0px\" id=\"wpv-column-f12dafc83c674a46b028a42c68916ed2\" ><div class=\"push\" style='height:30px'><\/div>\n<div class=\"row \"><div class=\"wpv-grid grid-1-2  first unextended\" style=\"padding-top:0px;padding-bottom:0px\" id=\"wpv-column-9831989da3b0e5486034bac95e4bd507\" ><p><div role=\"form\" class=\"wpcf7\" id=\"wpcf7-f2092-o1\" lang=\"ja\" dir=\"ltr\">\n<div class=\"screen-reader-response\"><p role=\"status\" aria-live=\"polite\" aria-atomic=\"true\"><\/p> <ul><\/ul><\/div>\n<form action=\"\/en\/wp-json\/wp\/v2\/tribe_events\/7612#wpcf7-f2092-o1\" method=\"post\" class=\"wpcf7-form init\" novalidate=\"novalidate\" data-status=\"init\">\n<div style=\"display: none;\">\n<input type=\"hidden\" name=\"_wpcf7\" value=\"2092\" \/>\n<input type=\"hidden\" name=\"_wpcf7_version\" value=\"5.4.2\" \/>\n<input type=\"hidden\" name=\"_wpcf7_locale\" value=\"ja\" \/>\n<input type=\"hidden\" name=\"_wpcf7_unit_tag\" value=\"wpcf7-f2092-o1\" \/>\n<input type=\"hidden\" name=\"_wpcf7_container_post\" value=\"0\" \/>\n<input type=\"hidden\" name=\"_wpcf7_posted_data_hash\" value=\"\" \/>\n<\/div>\n<h5>[Reservation Form]<\/h5>\n<p>Program Name*  <span class=\"wpcf7-form-control-wrap your-subject\"><input type=\"text\" name=\"your-subject\" value=\"\" size=\"40\" class=\"wpcf7-form-control wpcf7-text wpcf7-validates-as-required eventform\" aria-required=\"true\" aria-invalid=\"false\" \/><\/span> <\/p>\n<p>Your Name*  <span class=\"wpcf7-form-control-wrap your-name\"><input type=\"text\" name=\"your-name\" value=\"\" size=\"10\" class=\"wpcf7-form-control wpcf7-text wpcf7-validates-as-required eventform\" aria-required=\"true\" aria-invalid=\"false\" \/><\/span><br \/>\nMail Address*  <span class=\"wpcf7-form-control-wrap your-email\"><input type=\"email\" name=\"your-email\" value=\"\" size=\"40\" class=\"wpcf7-form-control wpcf7-text wpcf7-email wpcf7-validates-as-required wpcf7-validates-as-email eventform\" aria-required=\"true\" aria-invalid=\"false\" \/><\/span><br \/>\nPhone Number* <span class=\"wpcf7-form-control-wrap your-tel\"><input type=\"text\" name=\"your-tel\" value=\"\" size=\"40\" class=\"wpcf7-form-control wpcf7-text wpcf7-validates-as-required eventform\" aria-required=\"true\" aria-invalid=\"false\" \/><\/span><\/p>\n<p>Number of people attending*<br \/>\n<span class=\"wpcf7-form-control-wrap count\"><input type=\"number\" name=\"count\" value=\"1\" class=\"wpcf7-form-control wpcf7-number wpcf7-validates-as-required wpcf7-validates-as-number\" min=\"1\" max=\"30\" step=\"1\" aria-required=\"true\" aria-invalid=\"false\" \/><\/span><br \/>\n<br \/>\nNote   <span class=\"wpcf7-form-control-wrap your-message\"><textarea name=\"your-message\" cols=\"40\" rows=\"10\" class=\"wpcf7-form-control wpcf7-textarea eventform\" aria-invalid=\"false\"><\/textarea><\/span><br \/>\n<br \/>\n<input type=\"submit\" value=\"SUBMIT\" class=\"wpcf7-form-control wpcf7-submit\" \/><\/p>\n<p>Inquiry \uff1apublic.program@2015.kyotographie.jp<\/p>\n<p>*Please note: Exhibition entry charges still apply to free programs.<\/p>\n<div class=\"wpcf7-response-output\" aria-hidden=\"true\"><\/div><\/form><\/div><\/div>\n<div class=\"wpv-grid grid-1-2  unextended\" style=\"padding-top:0px;padding-bottom:0px\" id=\"wpv-column-8b50eeb9a64656f6fb916a1d39a543fb\" ><h5>[Related Exhibition]<\/h5>\n<p><a href=\"http:\/\/www.kyotographie.jp\/portfolio\/isabel-munoz\" title=\"Isabel Mu\u00f1oz\">Isabel Mu\u00f1oz | Family Album\uff0fLove and Ecstasy<\/a><\/p>\n<h5>[fee]<\/h5>\n<p>FREE<\/p>\n<h5>[language]<\/h5>\n<p>English with Japanese translation<\/p>\n<h5>[Program name for reservation]<\/h5>\n<p>In Conversation with Isabel Mu\u00f1oz and Fran\u00e7ois Cheval<\/div><\/div><\/div><\/div>\n","protected":false},"excerpt":{"rendered":"<p>Please join artist Isabel Mu\u00f1oz and curator Fran\u00e7ois Cheval for a discussion on her unique perspective of the world, the evolution of Isabel&#8217;s interest and how she selects her subjects.[\/column_2] Fran\u00e7ois Cheval Former Director of Mus\u00e9e Nic\u00e9phore Ni\u00e9pce, France. Fran\u00e7ois Cheval was born in 1954 and has a background in history and ethnology. He has&#8230;<\/p>\n","protected":false},"author":1,"featured_media":7557,"comment_status":"closed","ping_status":"closed","template":"","meta":[],"tags":[],"tribe_events_cat":[52,45,46],"_links":{"self":[{"href":"https:\/\/2015.kyotographie.jp\/en\/wp-json\/wp\/v2\/tribe_events\/7612"}],"collection":[{"href":"https:\/\/2015.kyotographie.jp\/en\/wp-json\/wp\/v2\/tribe_events"}],"about":[{"href":"https:\/\/2015.kyotographie.jp\/en\/wp-json\/wp\/v2\/types\/tribe_events"}],"author":[{"embeddable":true,"href":"https:\/\/2015.kyotographie.jp\/en\/wp-json\/wp\/v2\/users\/1"}],"replies":[{"embeddable":true,"href":"https:\/\/2015.kyotographie.jp\/en\/wp-json\/wp\/v2\/comments?post=7612"}],"version-history":[{"count":5,"href":"https:\/\/2015.kyotographie.jp\/en\/wp-json\/wp\/v2\/tribe_events\/7612\/revisions"}],"predecessor-version":[{"id":8628,"href":"https:\/\/2015.kyotographie.jp\/en\/wp-json\/wp\/v2\/tribe_events\/7612\/revisions\/8628"}],"wp:featuredmedia":[{"embeddable":true,"href":"https:\/\/2015.kyotographie.jp\/en\/wp-json\/wp\/v2\/media\/7557"}],"wp:attachment":[{"href":"https:\/\/2015.kyotographie.jp\/en\/wp-json\/wp\/v2\/media?parent=7612"}],"wp:term":[{"taxonomy":"post_tag","embeddable":true,"href":"https:\/\/2015.kyotographie.jp\/en\/wp-json\/wp\/v2\/tags?post=7612"},{"taxonomy":"tribe_events_cat","embeddable":true,"href":"https:\/\/2015.kyotographie.jp\/en\/wp-json\/wp\/v2\/tribe_events_cat?post=7612"}],"curies":[{"name":"wp","href":"https:\/\/api.w.org\/{rel}","templated":true}]}}

In Conversation with Isabel Muñoz and François Cheval

<div class="push" style='height:30px'></div>
<div class="row "><div class="wpv-grid grid-1-1  wpv-first-level first unextended" style="padding-top:0px;padding-bottom:0px" id="wpv-column-b1318809c86c14e7a6650cc130daf109" ><p>Please join artist Isabel Muñoz and curator François Cheval for a discussion on her unique perspective of the world, the evolution of Isabel&#8217;s interest and how she selects her subjects.<br />
<div class="push" style='height:30px'></div>
<div class="row "><div class="wpv-grid grid-1-1  first unextended" style="padding-top:0px;padding-bottom:0px" id="wpv-column-32119fb622cc3fdd179b3160670cc019" ><div class="row "><div class="wpv-grid grid-2-5  first unextended" style="padding-top:0px;padding-bottom:0px" id="wpv-column-5ac0c16138198d3de20c0a39a522ce4d" ><div id="attachment_6329" style="width: 401px" class="wp-caption alignnone"><img aria-describedby="caption-attachment-6329" loading="lazy" src="http://2015.kyotographie.jp/wp-content/uploads/2017/02/PR_FRANCOIS-09WNB_CHEVF_web-Copyright-Alban-Chassagne-66_1.jpg" alt="" width="391" height="500" class="size-full wp-image-6329" srcset="https://2015.kyotographie.jp/wp-content/uploads/2017/02/PR_FRANCOIS-09WNB_CHEVF_web-Copyright-Alban-Chassagne-66_1.jpg 391w, https://2015.kyotographie.jp/wp-content/uploads/2017/02/PR_FRANCOIS-09WNB_CHEVF_web-Copyright-Alban-Chassagne-66_1-235x300.jpg 235w, https://2015.kyotographie.jp/wp-content/uploads/2017/02/PR_FRANCOIS-09WNB_CHEVF_web-Copyright-Alban-Chassagne-66_1-360x460.jpg 360w, https://2015.kyotographie.jp/wp-content/uploads/2017/02/PR_FRANCOIS-09WNB_CHEVF_web-Copyright-Alban-Chassagne-66_1-262x335.jpg 262w" sizes="(max-width: 391px) 100vw, 391px" /><p id="caption-attachment-6329" class="wp-caption-text">© Alban Chassagne</p></div><br /></div>
<div class="wpv-grid grid-3-5  unextended" style="padding-top:0px;padding-bottom:0px" id="wpv-column-bc5df8d695bd6d671fe8fbd7123107ed" ><h5>François Cheval</h5>
<p>Former Director of Musée Nicéphore Niépce, France. François Cheval was born in 1954 and has a background in history and ethnology. He has served as a museum curator since 1982, initially in the Jura and the Réunion before being named director of the muse Nicéphore Niépce in Chalon-sur-Saône in 1996. Cheval strives to rid photography of its old presumptions and to resent photographic originality through new forms of museology and revitalized discourse. Most significantly, he has both curated noteworthy retrospectives of photographers such as Denis Roche, John Batho, Gérard Collin-Thiébaut, Peter Knapp, Mac Adams, and Raoul Coutard, and has been a resolute champion of emerging photographers such as Elina Brotherus, JH Engström, Claire Chevrier, Antoine d’Agata, Charles Fréger, and Raphaël Dallaporta.</div></div></div></div></div></div>
<div class="push" style='height:30px'></div>
<div class="row "><div class="wpv-grid grid-1-1  wpv-first-level first unextended" style="padding-top:0px;padding-bottom:0px" id="wpv-column-f12dafc83c674a46b028a42c68916ed2" ><div class="push" style='height:30px'></div>
<div class="row "><div class="wpv-grid grid-1-2  first unextended" style="padding-top:0px;padding-bottom:0px" id="wpv-column-9831989da3b0e5486034bac95e4bd507" ><p><div role="form" class="wpcf7" id="wpcf7-f2092-o1" lang="ja" dir="ltr">
<div class="screen-reader-response"><p role="status" aria-live="polite" aria-atomic="true"></p> <ul></ul></div>
<form action="/en/wp-json/wp/v2/tribe_events/7612#wpcf7-f2092-o1" method="post" class="wpcf7-form init" novalidate="novalidate" data-status="init">
<div style="display: none;">
<input type="hidden" name="_wpcf7" value="2092" />
<input type="hidden" name="_wpcf7_version" value="5.4.2" />
<input type="hidden" name="_wpcf7_locale" value="ja" />
<input type="hidden" name="_wpcf7_unit_tag" value="wpcf7-f2092-o1" />
<input type="hidden" name="_wpcf7_container_post" value="0" />
<input type="hidden" name="_wpcf7_posted_data_hash" value="" />
</div>
<h5>[Reservation Form]</h5>
<p>Program Name*  <span class="wpcf7-form-control-wrap your-subject"><input type="text" name="your-subject" value="" size="40" class="wpcf7-form-control wpcf7-text wpcf7-validates-as-required eventform" aria-required="true" aria-invalid="false" /></span> </p>
<p>Your Name*  <span class="wpcf7-form-control-wrap your-name"><input type="text" name="your-name" value="" size="10" class="wpcf7-form-control wpcf7-text wpcf7-validates-as-required eventform" aria-required="true" aria-invalid="false" /></span><br />
Mail Address*  <span class="wpcf7-form-control-wrap your-email"><input type="email" name="your-email" value="" size="40" class="wpcf7-form-control wpcf7-text wpcf7-email wpcf7-validates-as-required wpcf7-validates-as-email eventform" aria-required="true" aria-invalid="false" /></span><br />
Phone Number* <span class="wpcf7-form-control-wrap your-tel"><input type="text" name="your-tel" value="" size="40" class="wpcf7-form-control wpcf7-text wpcf7-validates-as-required eventform" aria-required="true" aria-invalid="false" /></span></p>
<p>Number of people attending*<br />
<span class="wpcf7-form-control-wrap count"><input type="number" name="count" value="1" class="wpcf7-form-control wpcf7-number wpcf7-validates-as-required wpcf7-validates-as-number" min="1" max="30" step="1" aria-required="true" aria-invalid="false" /></span><br />
<br />
Note   <span class="wpcf7-form-control-wrap your-message"><textarea name="your-message" cols="40" rows="10" class="wpcf7-form-control wpcf7-textarea eventform" aria-invalid="false"></textarea></span><br />
<br />
<input type="submit" value="SUBMIT" class="wpcf7-form-control wpcf7-submit" /></p>
<p>Inquiry ：public.program@2015.kyotographie.jp</p>
<p>*Please note: Exhibition entry charges still apply to free programs.</p>
<div class="wpcf7-response-output" aria-hidden="true"></div></form></div></div>
<div class="wpv-grid grid-1-2  unextended" style="padding-top:0px;padding-bottom:0px" id="wpv-column-8b50eeb9a64656f6fb916a1d39a543fb" ><h5>[Related Exhibition]</h5>
<p><a href="http://www.kyotographie.jp/portfolio/isabel-munoz" title="Isabel Muñoz">Isabel Muñoz | Family Album／Love and Ecstasy</a></p>
<h5>[fee]</h5>
<p>FREE</p>
<h5>[language]</h5>
<p>English with Japanese translation</p>
<h5>[Program name for reservation]</h5>
<p>In Conversation with Isabel Muñoz and François Cheval</div></div></div></div>

<p>Please join artist Isabel Muñoz and curator François Cheval for a discussion on her unique perspective of the world, the evolution of Isabel&#8217;s interest and how she selects her subjects.[/column_2] François Cheval Former Director of Musée Nicéphore Niépce, France. François Cheval was born in 1954 and has a background in history and ethnology. He has&#8230;</p>
